{"id":988,"date":"2019-03-25T17:18:00","date_gmt":"2019-03-25T16:18:00","guid":{"rendered":"https:\/\/www.lebens-impuls-center.ch\/?page_id=988"},"modified":"2019-12-03T14:06:36","modified_gmt":"2019-12-03T13:06:36","slug":"schafwolle-wohlfuehl-kissen-mit-einzigartigem-edelsteinkern","status":"publish","type":"page","link":"https:\/\/www.lebens-impuls-center.ch\/?page_id=988","title":{"rendered":"Schafwolle-Wohlf\u00fchl-Kissen mit einzigartigem Edelsteinkern"},"content":{"rendered":"\n<figure class=\"wp-block-image\"><img loading=\"lazy\" decoding=\"async\" width=\"1024\" height=\"768\" src=\"https:\/\/www.lebens-impuls-center.ch\/wp-content\/uploads\/2019\/03\/Foto-10.03.19-17-59-47-1024x768.jpg\" alt=\"\" class=\"wp-image-991\" srcset=\"https:\/\/www.lebens-impuls-center.ch\/wp-content\/uploads\/2019\/03\/Foto-10.03.19-17-59-47-1024x768.jpg 1024w, https:\/\/www.lebens-impuls-center.ch\/wp-content\/uploads\/2019\/03\/Foto-10.03.19-17-59-47-300x225.jpg 300w, https:\/\/www.lebens-impuls-center.ch\/wp-content\/uploads\/2019\/03\/Foto-10.03.19-17-59-47-768x576.jpg 768w, https:\/\/www.lebens-impuls-center.ch\/wp-content\/uploads\/2019\/03\/Foto-10.03.19-17-59-47-1200x900.jpg 1200w\" sizes=\"auto, (max-width: 1024px) 100vw, 1024px\" \/><figcaption> <br> <strong><em>Schweizerschafwolle-Wohlf\u00fchl-Kissen mit dem einzigartigen Edelsteinkern<\/em><\/strong> <\/figcaption><\/figure>\n\n\n\n<h5 class=\"wp-block-heading\"><br><\/h5>\n\n\n\n<p><em>Jetzt ist es da, das ganz spezielle Schweizerschafwolle-Wohlf\u00fchl-Kissen mit dem einzigartigen Edelsteinkern. <\/em><\/p>\n\n\n\n<p><em>Es ist das vollkommene Endergebnis einer  monatelangen Entwicklungsarbeit und darf jetzt die Welt mit seinem innewohnenden Wohlgef\u00fchlgeschenk erobern. Jede\/r gl\u00fcckliche BesitzerIn eines solchen au\u00dfergew\u00f6hnlichen  Wohlf\u00fchl-Kissens erkennt und sp\u00fcrt immer mehr der absolute Zauber dieses einmaligen Schweizerproduktes. <\/em><\/p>\n\n\n\n<p><em>Hinter jedem einzelnen Wohlf\u00fchl-Kissen steckt viel bewusste sorgf\u00e4ltige Handarbeit und genau dies macht das Wohlf\u00fchl-Kissen so einmalig. Es beginnt bereits bei der Beschaffung der verschiedenen qualitativhochstehenden Rohstoffe. Dabei wird geachtet, dass m\u00f6glichst im hohen Ma\u00df  der ethische  Hintergrundbereich miteinbezogen ist.  <\/em><\/p>\n\n\n\n<p><em>Das Wohlf\u00fchl-Kissen besteht aus einem Baumwolle-Innenkissen mit Rei\u00dfverschluss, somit kann jeder Zeit die Menge der Schafswollk\u00fcgelchen nach wohligem Bedarf angepasst werden. Dieses Innenkissen mit der Schafswolle und dem Edelsteinkern darf nicht gewaschen werden! Daf\u00fcr ist der auch mit Rei\u00dfverschluss best\u00fcckte bunte Au\u00dfenbezug aus 100% Mako-Satin jeder Zeit bei 60\u00b0 waschbar.<\/em><\/p>\n\n\n\n<p><em>Der Mako-Satin-Au\u00dfenbezug ist in 11 verschiedenen Farben erh\u00e4ltlich <\/em><br><em>(von oben nach unten)<\/em> :\n\n<\/p>\n\n\n\n<div class=\"wp-block-image\"><figure class=\"alignright\"><img loading=\"lazy\" decoding=\"async\" width=\"183\" height=\"300\" src=\"https:\/\/www.lebens-impuls-center.ch\/wp-content\/uploads\/2019\/03\/Foto-25.03.19-16-41-09-183x300.jpg\" alt=\"\" class=\"wp-image-992\" srcset=\"https:\/\/www.lebens-impuls-center.ch\/wp-content\/uploads\/2019\/03\/Foto-25.03.19-16-41-09-183x300.jpg 183w, https:\/\/www.lebens-impuls-center.ch\/wp-content\/uploads\/2019\/03\/Foto-25.03.19-16-41-09-768x1261.jpg 768w, https:\/\/www.lebens-impuls-center.ch\/wp-content\/uploads\/2019\/03\/Foto-25.03.19-16-41-09-623x1024.jpg 623w, https:\/\/www.lebens-impuls-center.ch\/wp-content\/uploads\/2019\/03\/Foto-25.03.19-16-41-09.jpg 898w\" sizes=\"auto, (max-width: 183px) 100vw, 183px\" \/><\/figure><\/div>\n\n\n\n<ul class=\"wp-block-list\"><li><em>silber<\/em><\/li><li><em>dunkelorangerot<\/em><\/li><li><em>hellorange<\/em><\/li><li><em>weinrot<\/em><\/li><li><em>violett<\/em><\/li><li><em>wei\u00df<\/em><\/li><li><em>beige<\/em><\/li><li><em>kiwigr\u00fcn<\/em><\/li><li><em>petrolgr\u00fcnblau<\/em><\/li><li><em>dunkelblau<\/em><\/li><li><em>hellblau<\/em><\/li><\/ul>\n\n\n\n<p><em><br><\/em><\/p>\n\n\n\n<p><em><strong>Aktuell kann das Schweizerschafwolle-Wohlf\u00fchl-Kissen mit dem einzigartigen Edelsteinkern f\u00fcr den Einf\u00fchrungspreis von CHF 138.- erworben werden. (Bei notwendigem Postversand kommt CHF 9.- A-Post oder CHF 7.- B-Post Versandgeb\u00fchren hinzu.)<\/strong><\/em><\/p>\n\n\n\n<p><em>Wer auch ein\/e gl\u00fcckliche BesitzerIn von solch einem Wohlf\u00fchl-Kissen werden m\u00f6chte, kann direkt \u00fcber dieses <\/em><a href=\"https:\/\/www.lebens-impuls-center.ch\/?page_id=998\"><strong><em>Bestellformular <\/em><\/strong><\/a><em>gehen, sowie auch diese weiteren  <\/em><a rel=\"noreferrer noopener\" aria-label=\" (\u00f6ffnet in neuem Tab)\" href=\"https:\/\/www.lebens-impuls-center.ch\/?page_id=19\" target=\"_blank\"><em>Kontaktm\u00f6glichkeiten <\/em><\/a><em>nutzen. Gerne steht das LEBENS-IMPULS-CENTER <\/em> <em>auch f\u00fcr die Beantwortung der noch offenen Fragen und Unklarheiten f\u00fcr Sie bereit.<\/em><\/p>\n\n\n\n<p><em><br><\/em><\/p>\n\n\n\n<p><em>Das LEBENS-IMPULS-CENTER w\u00fcnscht viel Freude und Spa\u00df mit diesem einmaligen Schweizerschafwolle-Wohlf\u00fchl-Kissen und seinen einzigartigen Edelsteinkern.<br><\/em><\/p>\n","protected":false},"excerpt":{"rendered":"<p>Jetzt ist es da, das ganz spezielle Schweizerschafwolle-Wohlf\u00fchl-Kissen mit dem einzigartigen Edelsteinkern. Es ist das vollkommene Endergebnis einer monatelangen Entwicklungsarbeit und darf jetzt die Welt mit seinem innewohnenden Wohlgef\u00fchlgeschenk erobern. Jede\/r gl\u00fcckliche BesitzerIn eines solchen au\u00dfergew\u00f6hnlichen Wohlf\u00fchl-Kissens erkennt und sp\u00fcrt immer mehr der absolute Zauber dieses einmaligen Schweizerproduktes. Hinter jedem einzelnen Wohlf\u00fchl-Kissen steckt viel bewusste [&hellip;]<\/p>\n","protected":false},"author":2,"featured_media":0,"parent":0,"menu_order":0,"comment_status":"closed","ping_status":"closed","template":"","meta":{"footnotes":""},"class_list":["post-988","page","type-page","status-publish","hentry"],"aioseo_notices":[],"_links":{"self":[{"href":"https:\/\/www.lebens-impuls-center.ch\/index.php?rest_route=\/wp\/v2\/pages\/988","targetHints":{"allow":["GET"]}}],"collection":[{"href":"https:\/\/www.lebens-impuls-center.ch\/index.php?rest_route=\/wp\/v2\/pages"}],"about":[{"href":"https:\/\/www.lebens-impuls-center.ch\/index.php?rest_route=\/wp\/v2\/types\/page"}],"author":[{"embeddable":true,"href":"https:\/\/www.lebens-impuls-center.ch\/index.php?rest_route=\/wp\/v2\/users\/2"}],"replies":[{"embeddable":true,"href":"https:\/\/www.lebens-impuls-center.ch\/index.php?rest_route=%2Fwp%2Fv2%2Fcomments&post=988"}],"version-history":[{"count":5,"href":"https:\/\/www.lebens-impuls-center.ch\/index.php?rest_route=\/wp\/v2\/pages\/988\/revisions"}],"predecessor-version":[{"id":1006,"href":"https:\/\/www.lebens-impuls-center.ch\/index.php?rest_route=\/wp\/v2\/pages\/988\/revisions\/1006"}],"wp:attachment":[{"href":"https:\/\/www.lebens-impuls-center.ch\/index.php?rest_route=%2Fwp%2Fv2%2Fmedia&parent=988"}],"curies":[{"name":"wp","href":"https:\/\/api.w.org\/{rel}","templated":true}]}}