{"id":213,"date":"2015-09-30T12:13:48","date_gmt":"2015-09-30T10:13:48","guid":{"rendered":"http:\/\/www.lebens-impuls-center.ch\/?page_id=213"},"modified":"2015-10-06T15:28:01","modified_gmt":"2015-10-06T13:28:01","slug":"allgemeine-information-zur-systemischen-arbeit","status":"publish","type":"page","link":"https:\/\/www.lebens-impuls-center.ch\/?page_id=213","title":{"rendered":"Allgemeine Information zur systemischen Arbeit"},"content":{"rendered":"<p>&nbsp;<\/p>\n<blockquote><p>Ist die Ordnung im System irgendwo durcheinander geraten, dann leidet der Mensch, wird krank und steht unsicher im Leben. Dies hat einen Einfluss auf sein ganzes Umfeld.<\/p>\n<p><strong>Ein System ist wie ein Mobile, bewegt man einen Teil, bewegt sich auch der Rest!<\/strong><\/p><\/blockquote>\n<p>&nbsp;<\/p>\n<p>&nbsp;<\/p>\n<h5><strong>wo kann die systemische Arbeit eingesetzt werden&#8230;..<\/strong><\/h5>\n<p><em>Systemaufstellungen eignen sich daf\u00fcr, unter anderem Glaubenss\u00e4tze, Gef\u00fchle, Krankheiten, Bef\u00fcrchtungen, berufliche Auftr\u00e4ge, Konstellationen in einem Unternehmen, Familienkonflikte, Familiensysteme mit Trag\u00f6dien aufzustellen, einfach ALL DAS,\u00a0 was Sie derzeit bewegt und Sie gerne eine andere, vielleicht ver\u00e4nderte <strong>Sicht-Weise<\/strong> dazu h\u00e4tten. Durch das gewinnende Verst\u00e4ndnis und die daraus entstandenen Erkenntnissen, kann das Leben bewusst in die Hand genommen werden!<br \/>\n<\/em><\/p>\n<p>&nbsp;<\/p>\n<p>&nbsp;<\/p>\n<h5><strong>Arbeitsstil&#8230;..<\/strong><\/h5>\n<p><em>Ich arbeite energetisch\/systemisch, nach der universellen Ordnung und Gesetzen. Meine Aufstellungsleitung ist intuitiv und erm\u00f6glicht einen freien Raum f\u00fcr alles, was sich im Moment zeigen m\u00f6chte. Teilweise wird das Geschehen mit Symbolen und Musik unterst\u00fctzt, so dass einen guten l\u00f6sungsorientierten Prozess entstehen kann. F\u00fcr jeden Seminarteilnehmer\/in, egal ob als Person mit eigenem Aufstellungsthema oder auch als Stellvertreter\/in besteht die M\u00f6glichkeit seine eigenen Anteile zu entdecken und wahrzunehmen. Aus meiner Erfahrung heraus, zeigt sich immer am Schluss ein wertvolles kl\u00e4rendes Familien- oder Organisationsbild.<\/em><\/p>\n<p>&nbsp;<\/p>\n<p>&nbsp;<\/p>\n<h5><strong>Stellvertreter\/in&#8230;..<\/strong><\/h5>\n<p><em>ALLein durch das Miterleben als Stellvertretung in fremden Familienbildern\/Familiensystemen sowie bei allen anderen Anliegen-, Struktur- und Organisationsaufstellungen &#8211; findet schon ein st\u00e4ndiger Erfahrungs- und Lernprozess statt, bei dem sich zus\u00e4tzlich neue Perspektiven f\u00fcr die eigenen Beziehungs-Zusammenh\u00e4nge er\u00f6ffnet wird. Emotionale Impulse bringt bei ALLEN die Liebe wieder ins flie\u00dfen.<\/em><\/p>\n<p><em>Wer die systemische Arbeit noch nicht kennt, aber gerne die Wirkungsweise des wissenden Feldes &#8211;\u00a0\u00a0\u00a0\u00a0\u00a0\u00a0 das sogenannte morphogenetisches Feld, wie es vom britischen Biologe Rupert Sheldrake bezeichnet wurde &#8211;\u00a0\u00a0\u00a0\u00a0\u00a0\u00a0 erfahren m\u00f6chte, nimmt am besten als Stellvertreter\/in einmal an einer Aufstellung teil.<\/em><br \/>\n<em> Wer sich auf dieses Werkzeug einl\u00e4sst, darf sich auf beeindruckende \u00dcberraschungen freuen. So ein Aufstellungsseminar er\u00f6ffnet &#8222;Neue&#8220; Erfahrungen, weil man seltene Gef\u00fchle und subtile Empfindungen von Menschen so nah und wirklich authentisch miterleben kann. Einem auf den ersten Blick befremdend erscheinende Gef\u00fchle und Verhaltensweisen, welche man durch das Eintreten in ein fremdes System darstellt, haben auf einer tieferen Ebenen unmittelbar auch mit einem selber zu tun. Daher kann man durch fremde Aufstellungen f\u00fcr sich selber entscheidende Prozesse und ihre Transformation durchleben. Das Ganze darf in einem gesch\u00fctzten Raum stattfinden und ich als Aufstellungsleiterin bin sehr bem\u00fcht, dass am Schluss des Seminares bei keiner Person etwas von jemanden Anderen anhaften bleibt.<\/em><\/p>\n<p><em>Nat\u00fcrlich darf man als Stellvertreter\/in das Geschehen einfach im Hintergrund\u00a0 beobachten und auf sich wirken lassen, denn jede Person entscheidet in jedem Augenblick selbst\u00e4ndig, ob man sich f\u00fcr eine Stellvertretung zur Verf\u00fcgung stellt oder nicht.<\/em><\/p>\n<p>&nbsp;<\/p>\n<p>&nbsp;<\/p>\n<h5><strong>die M\u00f6glilchkeit die Dinge aus einer Distanz anzusehen&#8230;..<\/strong><\/h5>\n<p><em>Das angenehme ist, Sie sind bei einer Systemaufstellung nicht mit Haut und Haaren dabei. Weil\u00a0Sie sitzen ausserhalb des Geschehens und haben dadurch die notwendige sch\u00fctzende Distanz. So k\u00f6nnen sie die Dinge auf sich wirken lassen, welche im Augenblick gezeigt werden m\u00f6chte. Es hat den Vorteil, dass das Gezeigte Sie nicht retraumatisiert oder es \u00fcberaus schmerzhaft f\u00fcr sie ist. Sie sitzen wie im Film Ihres eigenen Lebens und haben die M\u00f6glichkeit, das Unterbewusstsein sichtbar zu machen, wenn notwendig ihn anzuhalten, gewisse Probehandlungen auszuprobieren, um so deren Auswirkung auf das Ganze zu testen usw.\u00a0 Mit dieser Art von Probehandeln k\u00f6nnen sie neue Dinge austesten,\u00a0ohne dass diese Handlungsoptionen oder Ideen gleich in der \u201eharten Realit\u00e4t\u201c erprobt werden muss.\u00a0Gerade dieses Probehandeln er\u00f6ffnet einen unsch\u00e4tzbaren Wert und Sinn f\u00fcr die systemische Arbeit, so ein Instrument findet man selten bei einer Therapieform.<br \/>\nAm Schluss ist es wichtig, dass Sie Ihren L\u00f6sungsprozess \u00fcber die systemische Arbeit aktivieren und bewusst weiterverfolgen.<br \/>\n<strong>Sie werden zum bewussten Regisseur Ihres Lebens!<\/strong><\/em><\/p>\n<p>&nbsp;<\/p>\n<p>&nbsp;<\/p>\n<h5><strong>nachhaltige L\u00f6sungen brauchen mehr&#8230;..<\/strong><\/h5>\n<p><em><strong>Nachhaltige L\u00f6sungen,<\/strong> d.h. positive Ver\u00e4nderungen im Leben ben\u00f6tigen mehr, als sich <strong>nur<\/strong> einer systemischen Arbeit zu stellen.<\/em><br \/>\n<em> Keine Frage, diese systemische Arbeit ist ein wundervolles Werkzeug, innere Bilder mit seinen Dynamiken sowie universelle Lebenssysteme <strong>sichtbar<\/strong> zu machen, diese wieder in ihre Ordnung zu bringen und so einen wertvollen Prozess aktivieren. Aber nachhaltige Ver\u00e4nderungen ben\u00f6tigen die totale Bereitschaft <strong>der Wandel<\/strong> in seinem Leben willkommen zu heissen.<\/em><\/p>\n<p><em><strong>Ein weiteres Element ist,<\/strong> denn aktivierten Prozess im Fluss zu halten und nicht zu blockieren oder sogar wieder aufzul\u00f6sen. Dies passiert, wenn man die freigesetzte Energie weiterhin der Problematik zukommen l\u00e4sst. Der Blickwinkel ist immer noch beim Problem statt sich bewusst auf die L\u00f6sung zu konzentrieren, welches sich beim Schlussbild gezeigt hat. Wissenschaftlich hat man herausgefunden, dass sich ein neues Verhaltensmuster nach 21 Tage automatisiert. Das bedeutet, wenn man t\u00e4glich 21 Tage lang sich bewusst an das positive Schlussbild erinnert z.B. durch eine kleine Gedankenst\u00fctze mit einem Bild, einem Symbol, einem Spruch, einem bewussten Gef\u00fchl usw., verinnerlicht sich diese positive Energie immer mehr, der in Bewegung gesetzte Prozess bleibt am Fliessen und somit wird die Wirkungskraft des Schlussbildes verst\u00e4rkt. Braucht man bei solcher Nacharbeit Hilfe &amp; Unterst\u00fctzung, dann steht das LEBENS-IMPULS-CENTER gerne zur Verf\u00fcgung. Manchmal ist es von Vorteil, gewisse aufgedeckte Dinge, nochmals im Nachhinein auf einer anderen Ebene zu erfassen und bearbeiten. Erst dann ergibt sich ein rundes Bild.<\/em><\/p>\n<p><em><strong>Nutzen Sie also die Kraft,<\/strong> welche aus einer Systemaufstellung herauskommt und gehen Sie Ihre Schritte weiter. Bleiben Sie nach einer Aufstellung nicht stehen, geben sie Ihrem alten bekannten Verhalten keine Chance mehr, sich wieder einzunisten. Lassen Sie den Prozess wirken &amp; fliessen, beobachten Sie sich und Ihr Umfeld, seien Sie offen f\u00fcr stetige kleine Ver\u00e4nderungen, schr\u00e4nken Sie Ihre Wahrnehmung und Ihr Wandel nicht ein, indem Sie fixe Vorstellungen haben, wie der Prozess verlaufen muss, <strong>nein<\/strong>, oftmals macht der Prozess seine eigene Wege, Umwege &amp; Schleifen, welche f\u00fcr Ihren rationalen Verstand nicht nachvollziehbar sind und manchmal beginnt der Wandel an einem Ort, welche f\u00fcr Ihre Sichtweise nichts mit der Problematik zu tun hat. Daher appellier ich an das Vertrauen, wenn Sie bewusst Ihre Aufmerksamkeit auf das Endbild gerichtet halten, sich die L\u00f6sung zum richtigen Zeitpunkt manifestiert. Wichtig ist zu wissen, der Inhalt einer Systemaufstellung darf vergessen werden, nur das kl\u00e4rende Endbild ist wichtig!!<\/em><\/p>\n<p>&nbsp;<\/p>\n<p>&nbsp;<\/p>\n<h5><strong>Verdeckte Aufstellung&#8230;..<\/strong><\/h5>\n<p><em>Aufstellungen k\u00f6nnen\u00a0 verdeckt durchgef\u00fchrt werden d.h. die Stellvertreter (die sich f\u00fcr Rollen zur Verf\u00fcgung stellen) wissen anfangs nicht, in welche Rolle sie sich (freiwillig) begeben. Dadurch kann sich das &#8222;Bild&#8220; im grossen Feld der Universen einer Aufstellung und L\u00f6sung unverf\u00e4lscht, echt und frei von Interpretationen zeigen. Dies erfordert als Aufstellungsleiterin viel Gesp\u00fcr und Fachwissen und ein vertrauensvolles Begegnen, was sich sichtbar machen m\u00f6chte. In gewissen Situationen lohnt es sich, auf dieses Element zur\u00fcck zugreifen.<\/em><\/p>\n<p>&nbsp;<\/p>\n<p>&nbsp;<\/p>\n<h5><strong>f\u00fcr andere aufstellen&#8230;..<\/strong><\/h5>\n<p><em>Generell stellt jeder sein eigenes Thema, sein eigenes Anliegen oder sein eigenes Familiensystem auf. Es passiert nat\u00fcrlich ab und zu, dass bei einer Aufstellung zutage tritt, dass das Familiensystem oder ein beliebig anderes System von z.B. dem Partner\/der Partnerin belastet ist und dort mehr Ordnung reingeh\u00f6rt. Hier wird versucht einen l\u00f6sungsorientierten Weg zu finden ohne in dieses System einzugreifen. Denn dieses fremde System ist die Sache dieser Person und dort darf nur Ordnung hergestellt werden, wenn diese den Wunsch dazu \u00e4ussert. Jeder Person muss man diese eigenst\u00e4ndige Entscheidungsfreiheit gew\u00e4hrleisten, denn vielleicht ist f\u00fcr diese Person noch nicht die Zeit reif f\u00fcr eine Prozessarbeit oder sie ist noch nicht bereit, gewisse Dinge anzuschauen.<\/em><\/p>\n<p><em><strong>Es gibt zwei Ausnahmen:<\/strong><\/em><br \/>\n<em> \u00bb Eltern haben aus systemischer Sichtweise die Erlaubnis, zum Wohle f\u00fcr ihr Kind die M\u00f6glichkeiten der systemischen Arbeit zu nutzen. Hierzu braucht man die Mutter und\/oder der Vater als &#8222;Vermittler &#8211; Medium&#8220;, denn im normalen Fall wird empfohlen, erst Personen ab 16 Jahre pers\u00f6nlich bei einer Aufstellung zuzulassen. Aus Beobachtungen hat man festgestellt, dass dieses Eingreifen in das System des Kindes keinen Regelverstoss ist, denn meist ist die Wurzel der Problematik des Kindes eh ein Faktor, welche direkt mit den Eltern zu tun hat.<\/em><\/p>\n<p><em>\u00bb die zweite Ausnahme ist auch nicht einen Regelverstoss, denn die systemische Arbeit wird nur durchgef\u00fchrt, wenn das vollkommene Einverst\u00e4ndnis der betroffenen Person erbracht wird. Dies kommt zur Anwendung, wenn z.B. der Partner oder die Partnerin zum Termin oder Aufstellungsseminar verhindert, krank oder nicht reisef\u00e4hig ist. Die klare Erlaubnis mit seinem eigenen Wunsch muss mitgebracht werden. In solch einem Fall darf eine Videoaufnahme von <strong>nur<\/strong> dieser systemischen Arbeit aufgezeichnet werden und im Nachhinein dieser verhinderten Person \u00fcberreicht werden. Dieses Verfahren wird nur angewendet, wenn wirklich ein ernsthaftes Anliegen vorhanden ist und keine andere M\u00f6glichkeit besteht.<\/em><\/p>\n<p>&nbsp;<\/p>\n<p>&nbsp;<\/p>\n<h5><strong>Systemaufstellung in der Gruppe&#8230;..<\/strong><\/h5>\n<p><em>In der praktischen Durchf\u00fchrung sieht dies so aus: <\/em><br \/>\n<em>Zur systemischen Aufstellungsarbeit finden Personen ein, welche oft einander meist v\u00f6llig unbekannte sind. Die Person, die \u201eaufstellt\u201c, bringt knapp ihr Anliegen oder Problem vor, \u00fcber das sie Klarheit gewinnen m\u00f6chte. F\u00fcr die Darstellung ihres momentanen inneren Bildes und das symbolische Erkennen der Struktur des Anliegens oder Familie, bittet die aufstellende Person einige Anwesende, stellvertretend einzustehen f\u00fcr sich selber, f\u00fcr Familienangeh\u00f6rige, f\u00fcr das Anliegen usw. Es kann aber genauso gut etwas Abstraktes, z. B. eine Krankheit, ein Produkt, ein Konflikt, usw. \u201eaufgestellt\u201c werden. Diese StellvertreterInnen wird von der aufzustellende Person im Raum so verteilt platziert, wie sie es im Moment innerlich empfindet. Die Darsteller stehen am Anfang nur da, sie f\u00fchlen sich in ihre Rollen ein und \u2013 das ist das Verbl\u00fcffende \u2013 sp\u00fcren vor\u00fcbergehend die Gef\u00fchle und auch die (k\u00f6rperliche) Befindlichkeit jener Personen oder der Themen, die sie darstellen, ohne diese im Geringsten zu kennen! Oft verwenden sie sogar w\u00f6rtlich dieselben Ausspr\u00fcche und den Tonfall jener Personen. Unter Anleitung des Aufstellungsleiters wird dann durch verbale und r\u00e4umliche Intervention gemeinsam eine ver\u00e4nderte Sichtweise und befriedigende Aufl\u00f6sung erarbeitet. Wenn notwendig werden weitere M\u00f6glichkeiten wie die 2 Punkt &#8211; Quantenheilung, Symbole und Musik mit einbezogen. Oft l\u00f6sen sich auch bei den Zusehern \u00e4hnliche eigene Verstrickungen schon durch das Beobachten einer Aufstellung.<\/em><\/p>\n<p>&nbsp;<\/p>\n<p>&nbsp;<\/p>\n<h5><strong>Systemaufstellung in der Einzelbegleitung&#8230;..<\/strong><\/h5>\n<p><em>Alternativ zur Gruppenaufstellung gibt es auch die M\u00f6glichkeit zur Einzel-Aufstellung. Diese kann zu all jenen Themen durchgef\u00fchrt werden, die auch f\u00fcr eine Aufstellung in der Gruppe geeignet w\u00e4ren. Auf Grund der Komplexit\u00e4t eines Familiensystems, empfehle ich das Aufstellen der Herkunfts- und Gegenwartsfamilie\u00a0 vorwiegend in der Gruppe zu erleben, denn eine Einzel-Aufstellung ist f\u00fcr den Klienten sehr stark anspruchsvoll und manchmal fast \u00fcberfordernd. Wenn es aus welchen Gr\u00fcnden auch immer, trotzdem erw\u00fcnscht ist, setze ich das Aufstellungsbrett ein mit seinen Figuren. Aber ich muss immer wieder feststellen, dass der Wirkungskreis eines Familiensystems am Meisten in der Gruppe ausgesch\u00f6pft werden kann.<\/em><br \/>\n<em> In der Einzel-Aufstellung wird anstelle der lebenden Darsteller spezielle Figuren (P\u00fcppchen oder Holzfiguren) oder Symbole verwendet. Bei dieser Art des Schaffens f\u00fchlt der\/die AufstellerIn sich selber in die Gef\u00fchle und Emotionen der dargestellten Personen oder Objekte rein. Unterst\u00fctzend tritt zwischendurch die AufstellungsleiterIn auch einen Moment in eine Rolle, aber f\u00fcr die Herstellung des L\u00f6sungsprozesses verl\u00e4sst sie die Stellvertretung wieder, so dass sie ihre Aufgabe als Aufstellungsleitung uneingeschr\u00e4nkt leisten kann. Der systemisch-ph\u00e4nomenologischer Ansatz wird erg\u00e4nzt durch weitere Elemente wie zum Beispiel mit der 2 Punkt Quantenheilung. Der Effekt ist derselbe wie in einer Gruppenaufstellung. <\/em><br \/>\n<em>Eine Einzel-Aufstellung ist besonders geeignet f\u00fcr alle KlientInnen, die einen intimen, diskreten Rahmen bevorzugen, weil sie nicht gerne in einer Gruppe mit unbekannten Menschen arbeiten, oder wenn bei einem dringenden Problem kurzfristig keine Gruppe verf\u00fcgbar ist.<\/em><\/p>\n<p>&nbsp;<\/p>\n<p>&nbsp;<\/p>\n<h5><strong>welche Aufstellungsleitung ist f\u00fcr mich die Richtige&#8230;..<\/strong><\/h5>\n<p><em>Die Anbieter an Familienaufstellern w\u00e4chst und hat jede Menge Facetten \u2013 seien es Strukturaufstellungen, Organisationsaufstellungen oder Systemaufstellungen mit ihren vielen Unterformen und pers\u00f6nlichen Ausgestaltungen.<\/em><\/p>\n<p><em>Welche Form eine systemische Aufstellungsarbeit f\u00fcr einem selbst gut tut, findet man meistens nur durch sich informieren und\/ oder selbst ausprobieren heraus. Wobei der Beste Indikator hier das eigene Bauchgef\u00fchl ist. Manchmal ist es sogar so, dass es nicht die\/der AufstellungsleiterIn ist, welche gerade in der N\u00e4he ihr Angebot anbietet, Oftmals lohnt es sich, wenn man einen Weg auf sich nimmt, wenn man bei einer Person ein gutes Bauchgef\u00fchl hat.<\/em><\/p>\n<p><em>Und \u2013 das wird oft vergessen: Eine Familienaufstellung beinhaltet auch die Komponente \u201eProbehandeln\u201c. Das hei\u00dft, Sie als Aufstellender sind in der Lage, Dinge anders zu tun um dadurch zu schauen, was sich dann insgesamt ver\u00e4ndert. Gerade dieses Probehandeln schafft oftmals auch die Sicherheit, das so Erfahrene nach der Aufstellung auch in der Realit\u00e4t zu erproben und umzusetzen. Und genau dieses Probehandeln schaffen sonst nur wenige andere Verfahren, bei denen es um pers\u00f6nliche \u00c4nderung und Ver\u00e4nderung geht.<\/em><\/p>\n<p><em>Fazit: Systemische Aufstellungsarbeit kann die Basis eines neuen, zufriedeneren und beschwerdefreieren Lebensweges sein und wirkt wie alle Aufstellungen in das gesamte System hinein. Egal, ob Sie die Familienaufstellung nun in einer Gruppe machen oder zusammen mit dem Aufstellungsleiter in Einzelarbeit, es kommt nicht darauf an, welchen Weg Sie dabei w\u00e4hlen, er wird wirksam sein f\u00fcr Sie und Ihr System.<\/em><\/p>\n<p>&nbsp;<\/p>\n<p>&nbsp;<\/p>\n<p>&nbsp;<\/p>\n<p>&nbsp;<\/p>\n<p>&nbsp;<\/p>\n<p>&nbsp;<\/p>\n<p>&nbsp;<\/p>\n","protected":false},"excerpt":{"rendered":"<p>&nbsp; Ist die Ordnung im System irgendwo durcheinander geraten, dann leidet der Mensch, wird krank und steht unsicher im Leben. Dies hat einen Einfluss auf sein ganzes Umfeld. Ein System ist wie ein Mobile, bewegt man einen Teil, bewegt sich auch der Rest! &nbsp; &nbsp; wo kann die systemische Arbeit eingesetzt werden&#8230;.. Systemaufstellungen eignen sich [&hellip;]<\/p>\n","protected":false},"author":2,"featured_media":0,"parent":15,"menu_order":0,"comment_status":"closed","ping_status":"closed","template":"","meta":{"footnotes":""},"class_list":["post-213","page","type-page","status-publish","hentry"],"aioseo_notices":[],"_links":{"self":[{"href":"https:\/\/www.lebens-impuls-center.ch\/index.php?rest_route=\/wp\/v2\/pages\/213","targetHints":{"allow":["GET"]}}],"collection":[{"href":"https:\/\/www.lebens-impuls-center.ch\/index.php?rest_route=\/wp\/v2\/pages"}],"about":[{"href":"https:\/\/www.lebens-impuls-center.ch\/index.php?rest_route=\/wp\/v2\/types\/page"}],"author":[{"embeddable":true,"href":"https:\/\/www.lebens-impuls-center.ch\/index.php?rest_route=\/wp\/v2\/users\/2"}],"replies":[{"embeddable":true,"href":"https:\/\/www.lebens-impuls-center.ch\/index.php?rest_route=%2Fwp%2Fv2%2Fcomments&post=213"}],"version-history":[{"count":0,"href":"https:\/\/www.lebens-impuls-center.ch\/index.php?rest_route=\/wp\/v2\/pages\/213\/revisions"}],"up":[{"embeddable":true,"href":"https:\/\/www.lebens-impuls-center.ch\/index.php?rest_route=\/wp\/v2\/pages\/15"}],"wp:attachment":[{"href":"https:\/\/www.lebens-impuls-center.ch\/index.php?rest_route=%2Fwp%2Fv2%2Fmedia&parent=213"}],"curies":[{"name":"wp","href":"https:\/\/api.w.org\/{rel}","templated":true}]}}