{"id":110,"date":"2015-09-14T12:46:12","date_gmt":"2015-09-14T10:46:12","guid":{"rendered":"http:\/\/www.lebens-impuls-center.ch\/?page_id=110"},"modified":"2018-11-15T18:16:57","modified_gmt":"2018-11-15T17:16:57","slug":"kurse-fuer-kinder","status":"publish","type":"page","link":"https:\/\/www.lebens-impuls-center.ch\/?page_id=110","title":{"rendered":"Kurse f\u00fcr Kinder"},"content":{"rendered":"<p><em>Im Jahr 2018\u00a0 finden momentan nur interne Kurse f\u00fcr Kinder statt. Herzlichen Dank f\u00fcr das Verst\u00e4ndnis. <\/em><\/p>\n<p><em>Bei Interesse darf trotzdem mit dem LEBENS-IMPULS-CENTER in Kontakt getreten werden, so dass gemeinsam geschaut werden kann, ob sich doch noch pl\u00f6tzlich ein m\u00f6gliches Zeitfenster er\u00f6ffnet.\u00a0 <\/em><\/p>\n<p>&nbsp;<\/p>\n<p>&nbsp;<\/p>\n","protected":false},"excerpt":{"rendered":"<p>Im Jahr 2018\u00a0 finden momentan nur interne Kurse f\u00fcr Kinder statt. Herzlichen Dank f\u00fcr das Verst\u00e4ndnis. Bei Interesse darf trotzdem mit dem LEBENS-IMPULS-CENTER in Kontakt getreten werden, so dass gemeinsam geschaut werden kann, ob sich doch noch pl\u00f6tzlich ein m\u00f6gliches Zeitfenster er\u00f6ffnet.\u00a0 &nbsp; &nbsp;<\/p>\n","protected":false},"author":2,"featured_media":0,"parent":13,"menu_order":0,"comment_status":"closed","ping_status":"closed","template":"","meta":{"footnotes":""},"class_list":["post-110","page","type-page","status-publish","hentry"],"aioseo_notices":[],"_links":{"self":[{"href":"https:\/\/www.lebens-impuls-center.ch\/index.php?rest_route=\/wp\/v2\/pages\/110","targetHints":{"allow":["GET"]}}],"collection":[{"href":"https:\/\/www.lebens-impuls-center.ch\/index.php?rest_route=\/wp\/v2\/pages"}],"about":[{"href":"https:\/\/www.lebens-impuls-center.ch\/index.php?rest_route=\/wp\/v2\/types\/page"}],"author":[{"embeddable":true,"href":"https:\/\/www.lebens-impuls-center.ch\/index.php?rest_route=\/wp\/v2\/users\/2"}],"replies":[{"embeddable":true,"href":"https:\/\/www.lebens-impuls-center.ch\/index.php?rest_route=%2Fwp%2Fv2%2Fcomments&post=110"}],"version-history":[{"count":4,"href":"https:\/\/www.lebens-impuls-center.ch\/index.php?rest_route=\/wp\/v2\/pages\/110\/revisions"}],"predecessor-version":[{"id":977,"href":"https:\/\/www.lebens-impuls-center.ch\/index.php?rest_route=\/wp\/v2\/pages\/110\/revisions\/977"}],"up":[{"embeddable":true,"href":"https:\/\/www.lebens-impuls-center.ch\/index.php?rest_route=\/wp\/v2\/pages\/13"}],"wp:attachment":[{"href":"https:\/\/www.lebens-impuls-center.ch\/index.php?rest_route=%2Fwp%2Fv2%2Fmedia&parent=110"}],"curies":[{"name":"wp","href":"https:\/\/api.w.org\/{rel}","templated":true}]}}